{"id":1405,"date":"2025-06-08T09:50:56","date_gmt":"2025-06-08T09:50:56","guid":{"rendered":"https:\/\/wiodahl.se\/?page_id=1405"},"modified":"2025-06-08T09:50:56","modified_gmt":"2025-06-08T09:50:56","slug":"prislista","status":"publish","type":"page","link":"https:\/\/wiodahl.se\/?page_id=1405","title":{"rendered":"Prislista"},"content":{"rendered":"<div class=\"fusion-fullwidth fullwidth-box fusion-builder-row-1 fusion-flex-container has-pattern-background has-mask-background nonhundred-percent-fullwidth non-hundred-percent-height-scrolling\" style=\"--awb-border-radius-top-left:0px;--awb-border-radius-top-right:0px;--awb-border-radius-bottom-right:0px;--awb-border-radius-bottom-left:0px;--awb-flex-wrap:wrap;\" ><div class=\"fusion-builder-row fusion-row fusion-flex-align-items-flex-start fusion-flex-content-wrap\" style=\"max-width:1248px;margin-left: calc(-4% \/ 2 );margin-right: calc(-4% \/ 2 );\"><div class=\"fusion-layout-column fusion_builder_column fusion-builder-column-0 fusion_builder_column_1_1 1_1 fusion-flex-column\" style=\"--awb-bg-size:cover;--awb-width-large:100%;--awb-margin-top-large:0px;--awb-spacing-right-large:1.92%;--awb-margin-bottom-large:20px;--awb-spacing-left-large:1.92%;--awb-width-medium:100%;--awb-order-medium:0;--awb-spacing-right-medium:1.92%;--awb-spacing-left-medium:1.92%;--awb-width-small:100%;--awb-order-small:0;--awb-spacing-right-small:1.92%;--awb-spacing-left-small:1.92%;\"><div class=\"fusion-column-wrapper fusion-column-has-shadow fusion-flex-justify-content-flex-start fusion-content-layout-column\">\n<div class=\"table-1\">\n<table width=\"100%\">\n<thead>\n<tr>\n<th align=\"left\">TJ\u00c4NST<\/th>\n<th align=\"left\">PRIS<\/th>\n<\/tr>\n<\/thead>\n<tbody>\n<tr>\n<td align=\"left\">Ridlektion Enskild, 45 min<\/td>\n<td align=\"left\">450 kr<\/td>\n<\/tr>\n<tr>\n<td align=\"left\">Tr\u00e4ning H\u00e4st, 45 min<\/td>\n<td align=\"left\">450 kr<\/td>\n<\/tr>\n<tr>\n<td align=\"left\">Ridlektion Par, 60 min<\/td>\n<td align=\"left\">350 kr\/per ekipage<\/td>\n<\/tr>\n<tr>\n<td align=\"left\">Ridlektion grupp 3-5, 60 min<\/td>\n<td align=\"left\">300 kr\/per ekipage<\/td>\n<\/tr>\n<tr>\n<td align=\"left\">10 ridlektioner enskild &#8211; f\u00f6rk\u00f6p.<\/td>\n<td align=\"left\">4000 kr<\/td>\n<\/tr>\n<tr>\n<td align=\"left\">Tr\u00e4nings\/rehabplan SWUS del 1,<br \/>4 veckor inkl analys<br \/>(digitalt\/fysiskt).<\/td>\n<td align=\"left\">700 kr<\/td>\n<\/tr>\n<tr>\n<td align=\"left\">Tr\u00e4nings\/rehabplan SWUS del 2,<br \/>4 veckor inkl utv\u00e4rdering<br \/>(digitalt\/fysiskt) av del 1.<\/td>\n<td align=\"left\">700 kr<\/td>\n<\/tr>\n<tr>\n<td align=\"left\">Endast utv\u00e4rdering av<br \/>tr\u00e4nings\/rehabplan SWUS<br \/>digitalt\/fysiskt.<\/td>\n<td align=\"left\">450 kr<\/td>\n<\/tr>\n<tr>\n<td align=\"left\">H\u00e4stmassage, t.f elevpris<\/td>\n<td align=\"left\">400 kr<\/td>\n<\/tr>\n<tr>\n<td align=\"left\">Heldagskurs\/workshop,<br \/>SWUS\/CR<\/td>\n<td align=\"left\">Kontakta f\u00f6r pris<\/td>\n<\/tr>\n<tr>\n<td align=\"left\">Halvdagskurs\/workshop,<br \/>SWUS\/CR<\/td>\n<td align=\"left\">Kontakta f\u00f6r pris<\/td>\n<\/tr>\n<tr>\n<td align=\"left\">Milers\u00e4ttning<\/td>\n<td align=\"left\">\n<p>35 kr\/ ny p\u00e5b\u00f6rjad mil. 2 mil ing\u00e5r i<\/p>\n<p>lektionspriser.<\/p>\n<\/td>\n<\/tr>\n<\/tbody>\n<\/table>\n<\/div>\n<\/div><\/div><\/div><\/div>\n","protected":false},"excerpt":{"rendered":"","protected":false},"author":1,"featured_media":0,"parent":0,"menu_order":0,"comment_status":"closed","ping_status":"closed","template":"100-width.php","meta":{"footnotes":""},"class_list":["post-1405","page","type-page","status-publish","hentry"],"_links":{"self":[{"href":"https:\/\/wiodahl.se\/index.php?rest_route=\/wp\/v2\/pages\/1405","targetHints":{"allow":["GET"]}}],"collection":[{"href":"https:\/\/wiodahl.se\/index.php?rest_route=\/wp\/v2\/pages"}],"about":[{"href":"https:\/\/wiodahl.se\/index.php?rest_route=\/wp\/v2\/types\/page"}],"author":[{"embeddable":true,"href":"https:\/\/wiodahl.se\/index.php?rest_route=\/wp\/v2\/users\/1"}],"replies":[{"embeddable":true,"href":"https:\/\/wiodahl.se\/index.php?rest_route=%2Fwp%2Fv2%2Fcomments&post=1405"}],"version-history":[{"count":2,"href":"https:\/\/wiodahl.se\/index.php?rest_route=\/wp\/v2\/pages\/1405\/revisions"}],"predecessor-version":[{"id":1407,"href":"https:\/\/wiodahl.se\/index.php?rest_route=\/wp\/v2\/pages\/1405\/revisions\/1407"}],"wp:attachment":[{"href":"https:\/\/wiodahl.se\/index.php?rest_route=%2Fwp%2Fv2%2Fmedia&parent=1405"}],"curies":[{"name":"wp","href":"https:\/\/api.w.org\/{rel}","templated":true}]}}